{"id":633,"date":"2024-08-30T09:57:59","date_gmt":"2024-08-30T07:57:59","guid":{"rendered":"https:\/\/beta.mentedespierta.es\/?post_type=product&#038;p=633"},"modified":"2024-09-19T11:10:30","modified_gmt":"2024-09-19T09:10:30","slug":"mi-mama-es-intocable","status":"publish","type":"product","link":"https:\/\/mentedespierta.es\/en\/product\/mi-mama-es-intocable\/","title":{"rendered":"Mi Mam\u00e1 es intocable"},"content":{"rendered":"<p>En el 2019 ha salido a la luz un\u00a0<strong>sue\u00f1o personal<\/strong>, que surge de lo hondo de mi interior y quiere relatar lo que sucede dentro de m\u00ed a diario. Soy una persona diagnosticada de la enfermedad de Fibromialgia y c\u00f3mo esta enfermedad sigue siendo algo invisible, mi objetivo con este cuento es hacerla visible.<\/p>\n<p>En este cuento se expone lo que sucede en el interior de las personas con\u00a0<strong>fibromialgia<\/strong>, con los datos que nos han ido contando los diferentes ponentes a los que he escuchado, sensaciones m\u00edas y de mis compa\u00f1eras, con un lenguaje muy cercano, puesto que lo relata un\u00a0<strong>ni\u00f1o<\/strong>\u00a0y lo hace desde su\u00a0<strong>visi\u00f3n de inocenci<\/strong>a y con un\u00a0<strong>toque de magia<\/strong>, un\u00a0<strong>superpoder<\/strong>, para poder llegar a ni\u00f1os y adultos y de esta manera, hacer visible la enfermedad.<\/p>\n<p>Es un\u00a0<strong>proyecto personal<\/strong>, pero a la vez quiero aportar mi granito de arena a la asociaci\u00f3n de mi provincia, a\u00a0<strong>FIBROPA, la Asociaci\u00f3n de Fibromialgia de Palencia<\/strong>, por su gran trabajo y labor, por su servicio y ayuda a las personas con esta enfermedad. Por ello, al adquirir el cuento se est\u00e1 donando un euro a dicha asociaci\u00f3n.<\/p>\n<p>Puede tambi\u00e9n <strong>adquirir el cuento:<\/strong><\/p>\n<ul>\n<li>En la <strong>Asociaci\u00f3n de Fibromialgia de Palencia<\/strong>, en la Calle Los Robles, 9.<\/li>\n<li>En el <strong>Centro de D\u00eda de Mayores de San Juanillo<\/strong>.<\/li>\n<li>En el <strong>Gabinete Mente Despierta<\/strong>, Calle Estrada, 20 Entreplanta A, preferiblemente por las tardes.<\/li>\n<li>O ponte en contacto conmigo a trav\u00e9s del email <strong>mentedespierta.palencia@gmail.com<\/strong> o del tel\u00e9fono <strong>618585707<\/strong>.<\/li>\n<\/ul>\n<div class=\"wp-block-buttons is-layout-flex\"><\/div>","protected":false},"excerpt":{"rendered":"<p>En el 2019 ha salido a la luz un\u00a0sue\u00f1o personal, que surge de lo hondo de mi interior y quiere relatar lo que sucede dentro de m\u00ed a diario. Soy una persona diagnosticada de la enfermedad de Fibromialgia y c\u00f3mo esta enfermedad sigue siendo algo invisible, mi objetivo con este cuento es hacerla visible. En [&hellip;]<\/p>\n","protected":false},"featured_media":634,"template":"","meta":{"h5ap_radio_sources":[],"_joinchat":[]},"product_brand":[],"product_cat":[27],"product_tag":[],"class_list":{"0":"post-633","1":"product","2":"type-product","3":"status-publish","4":"has-post-thumbnail","6":"product_cat-productos","8":"first","9":"instock","10":"taxable","11":"shipping-taxable","12":"purchasable","13":"product-type-simple"},"yoast_head":"<!-- This site is optimized with the Yoast SEO plugin v27.5 - https:\/\/yoast.com\/product\/yoast-seo-wordpress\/ -->\n<title>Mi Mam\u00e1 es intocable - Mente Despierta<\/title>\n<meta name=\"robots\" content=\"index, follow, max-snippet:-1, max-image-preview:large, max-video-preview:-1\" \/>\n<link rel=\"canonical\" href=\"https:\/\/mentedespierta.es\/en\/product\/mi-mama-es-intocable\/\" \/>\n<meta property=\"og:locale\" content=\"en_GB\" \/>\n<meta property=\"og:type\" content=\"article\" \/>\n<meta property=\"og:title\" content=\"Mi Mam\u00e1 es intocable - Mente Despierta\" \/>\n<meta property=\"og:description\" content=\"En el 2019 ha salido a la luz un\u00a0sue\u00f1o personal, que surge de lo hondo de mi interior y quiere relatar lo que sucede dentro de m\u00ed a diario. Soy una persona diagnosticada de la enfermedad de Fibromialgia y c\u00f3mo esta enfermedad sigue siendo algo invisible, mi objetivo con este cuento es hacerla visible. En [&hellip;]\" \/>\n<meta property=\"og:url\" content=\"https:\/\/mentedespierta.es\/en\/product\/mi-mama-es-intocable\/\" \/>\n<meta property=\"og:site_name\" content=\"Mente Despierta\" \/>\n<meta property=\"article:modified_time\" content=\"2024-09-19T09:10:30+00:00\" \/>\n<meta property=\"og:image\" content=\"https:\/\/mentedespierta.es\/wp-content\/uploads\/2024\/08\/cuento-sonia-296x300-1.jpg\" \/>\n\t<meta property=\"og:image:width\" content=\"296\" \/>\n\t<meta property=\"og:image:height\" content=\"300\" \/>\n\t<meta property=\"og:image:type\" content=\"image\/jpeg\" \/>\n<meta name=\"twitter:card\" content=\"summary_large_image\" \/>\n<meta name=\"twitter:label1\" content=\"Estimated reading time\" \/>\n\t<meta name=\"twitter:data1\" content=\"1 minute\" \/>\n<script type=\"application\/ld+json\" class=\"yoast-schema-graph\">{\"@context\":\"https:\\\/\\\/schema.org\",\"@graph\":[{\"@type\":\"WebPage\",\"@id\":\"https:\\\/\\\/mentedespierta.es\\\/producto\\\/mi-mama-es-intocable\\\/\",\"url\":\"https:\\\/\\\/mentedespierta.es\\\/producto\\\/mi-mama-es-intocable\\\/\",\"name\":\"Mi Mam\u00e1 es intocable - Mente Despierta\",\"isPartOf\":{\"@id\":\"https:\\\/\\\/mentedespierta.es\\\/#website\"},\"primaryImageOfPage\":{\"@id\":\"https:\\\/\\\/mentedespierta.es\\\/producto\\\/mi-mama-es-intocable\\\/#primaryimage\"},\"image\":{\"@id\":\"https:\\\/\\\/mentedespierta.es\\\/producto\\\/mi-mama-es-intocable\\\/#primaryimage\"},\"thumbnailUrl\":\"https:\\\/\\\/mentedespierta.es\\\/wp-content\\\/uploads\\\/2024\\\/08\\\/cuento-sonia-296x300-1.jpg\",\"datePublished\":\"2024-08-30T07:57:59+00:00\",\"dateModified\":\"2024-09-19T09:10:30+00:00\",\"breadcrumb\":{\"@id\":\"https:\\\/\\\/mentedespierta.es\\\/producto\\\/mi-mama-es-intocable\\\/#breadcrumb\"},\"inLanguage\":\"en-GB\",\"potentialAction\":[{\"@type\":\"ReadAction\",\"target\":[\"https:\\\/\\\/mentedespierta.es\\\/producto\\\/mi-mama-es-intocable\\\/\"]}]},{\"@type\":\"ImageObject\",\"inLanguage\":\"en-GB\",\"@id\":\"https:\\\/\\\/mentedespierta.es\\\/producto\\\/mi-mama-es-intocable\\\/#primaryimage\",\"url\":\"https:\\\/\\\/mentedespierta.es\\\/wp-content\\\/uploads\\\/2024\\\/08\\\/cuento-sonia-296x300-1.jpg\",\"contentUrl\":\"https:\\\/\\\/mentedespierta.es\\\/wp-content\\\/uploads\\\/2024\\\/08\\\/cuento-sonia-296x300-1.jpg\",\"width\":296,\"height\":300},{\"@type\":\"BreadcrumbList\",\"@id\":\"https:\\\/\\\/mentedespierta.es\\\/producto\\\/mi-mama-es-intocable\\\/#breadcrumb\",\"itemListElement\":[{\"@type\":\"ListItem\",\"position\":1,\"name\":\"Portada\",\"item\":\"https:\\\/\\\/mentedespierta.es\\\/\"},{\"@type\":\"ListItem\",\"position\":2,\"name\":\"Tienda\",\"item\":\"https:\\\/\\\/mentedespierta.es\\\/tienda\\\/\"},{\"@type\":\"ListItem\",\"position\":3,\"name\":\"Mi Mam\u00e1 es intocable\"}]},{\"@type\":\"WebSite\",\"@id\":\"https:\\\/\\\/mentedespierta.es\\\/#website\",\"url\":\"https:\\\/\\\/mentedespierta.es\\\/\",\"name\":\"Mente Despierta\",\"description\":\"Gabinete Psicopedag\u00f3gico y Terapias Alternativas en Palencia\",\"publisher\":{\"@id\":\"https:\\\/\\\/mentedespierta.es\\\/#organization\"},\"potentialAction\":[{\"@type\":\"SearchAction\",\"target\":{\"@type\":\"EntryPoint\",\"urlTemplate\":\"https:\\\/\\\/mentedespierta.es\\\/?s={search_term_string}\"},\"query-input\":{\"@type\":\"PropertyValueSpecification\",\"valueRequired\":true,\"valueName\":\"search_term_string\"}}],\"inLanguage\":\"en-GB\"},{\"@type\":\"Organization\",\"@id\":\"https:\\\/\\\/mentedespierta.es\\\/#organization\",\"name\":\"Mente Despierta\",\"url\":\"https:\\\/\\\/mentedespierta.es\\\/\",\"logo\":{\"@type\":\"ImageObject\",\"inLanguage\":\"en-GB\",\"@id\":\"https:\\\/\\\/mentedespierta.es\\\/#\\\/schema\\\/logo\\\/image\\\/\",\"url\":\"https:\\\/\\\/mentedespierta.es\\\/wp-content\\\/uploads\\\/2024\\\/08\\\/logo-final-1.png\",\"contentUrl\":\"https:\\\/\\\/mentedespierta.es\\\/wp-content\\\/uploads\\\/2024\\\/08\\\/logo-final-1.png\",\"width\":1000,\"height\":1590,\"caption\":\"Mente Despierta\"},\"image\":{\"@id\":\"https:\\\/\\\/mentedespierta.es\\\/#\\\/schema\\\/logo\\\/image\\\/\"}}]}<\/script>\n<!-- \/ Yoast SEO plugin. -->","yoast_head_json":{"title":"Mi Mam\u00e1 es intocable - Mente Despierta","robots":{"index":"index","follow":"follow","max-snippet":"max-snippet:-1","max-image-preview":"max-image-preview:large","max-video-preview":"max-video-preview:-1"},"canonical":"https:\/\/mentedespierta.es\/en\/product\/mi-mama-es-intocable\/","og_locale":"en_GB","og_type":"article","og_title":"Mi Mam\u00e1 es intocable - Mente Despierta","og_description":"En el 2019 ha salido a la luz un\u00a0sue\u00f1o personal, que surge de lo hondo de mi interior y quiere relatar lo que sucede dentro de m\u00ed a diario. Soy una persona diagnosticada de la enfermedad de Fibromialgia y c\u00f3mo esta enfermedad sigue siendo algo invisible, mi objetivo con este cuento es hacerla visible. En [&hellip;]","og_url":"https:\/\/mentedespierta.es\/en\/product\/mi-mama-es-intocable\/","og_site_name":"Mente Despierta","article_modified_time":"2024-09-19T09:10:30+00:00","og_image":[{"width":296,"height":300,"url":"https:\/\/mentedespierta.es\/wp-content\/uploads\/2024\/08\/cuento-sonia-296x300-1.jpg","type":"image\/jpeg"}],"twitter_card":"summary_large_image","twitter_misc":{"Estimated reading time":"1 minute"},"schema":{"@context":"https:\/\/schema.org","@graph":[{"@type":"WebPage","@id":"https:\/\/mentedespierta.es\/producto\/mi-mama-es-intocable\/","url":"https:\/\/mentedespierta.es\/producto\/mi-mama-es-intocable\/","name":"Mi Mam\u00e1 es intocable - Mente Despierta","isPartOf":{"@id":"https:\/\/mentedespierta.es\/#website"},"primaryImageOfPage":{"@id":"https:\/\/mentedespierta.es\/producto\/mi-mama-es-intocable\/#primaryimage"},"image":{"@id":"https:\/\/mentedespierta.es\/producto\/mi-mama-es-intocable\/#primaryimage"},"thumbnailUrl":"https:\/\/mentedespierta.es\/wp-content\/uploads\/2024\/08\/cuento-sonia-296x300-1.jpg","datePublished":"2024-08-30T07:57:59+00:00","dateModified":"2024-09-19T09:10:30+00:00","breadcrumb":{"@id":"https:\/\/mentedespierta.es\/producto\/mi-mama-es-intocable\/#breadcrumb"},"inLanguage":"en-GB","potentialAction":[{"@type":"ReadAction","target":["https:\/\/mentedespierta.es\/producto\/mi-mama-es-intocable\/"]}]},{"@type":"ImageObject","inLanguage":"en-GB","@id":"https:\/\/mentedespierta.es\/producto\/mi-mama-es-intocable\/#primaryimage","url":"https:\/\/mentedespierta.es\/wp-content\/uploads\/2024\/08\/cuento-sonia-296x300-1.jpg","contentUrl":"https:\/\/mentedespierta.es\/wp-content\/uploads\/2024\/08\/cuento-sonia-296x300-1.jpg","width":296,"height":300},{"@type":"BreadcrumbList","@id":"https:\/\/mentedespierta.es\/producto\/mi-mama-es-intocable\/#breadcrumb","itemListElement":[{"@type":"ListItem","position":1,"name":"Portada","item":"https:\/\/mentedespierta.es\/"},{"@type":"ListItem","position":2,"name":"Tienda","item":"https:\/\/mentedespierta.es\/tienda\/"},{"@type":"ListItem","position":3,"name":"Mi Mam\u00e1 es intocable"}]},{"@type":"WebSite","@id":"https:\/\/mentedespierta.es\/#website","url":"https:\/\/mentedespierta.es\/","name":"Mente Despierta","description":"Gabinete Psicopedag\u00f3gico y Terapias Alternativas en Palencia","publisher":{"@id":"https:\/\/mentedespierta.es\/#organization"},"potentialAction":[{"@type":"SearchAction","target":{"@type":"EntryPoint","urlTemplate":"https:\/\/mentedespierta.es\/?s={search_term_string}"},"query-input":{"@type":"PropertyValueSpecification","valueRequired":true,"valueName":"search_term_string"}}],"inLanguage":"en-GB"},{"@type":"Organization","@id":"https:\/\/mentedespierta.es\/#organization","name":"Mente Despierta","url":"https:\/\/mentedespierta.es\/","logo":{"@type":"ImageObject","inLanguage":"en-GB","@id":"https:\/\/mentedespierta.es\/#\/schema\/logo\/image\/","url":"https:\/\/mentedespierta.es\/wp-content\/uploads\/2024\/08\/logo-final-1.png","contentUrl":"https:\/\/mentedespierta.es\/wp-content\/uploads\/2024\/08\/logo-final-1.png","width":1000,"height":1590,"caption":"Mente Despierta"},"image":{"@id":"https:\/\/mentedespierta.es\/#\/schema\/logo\/image\/"}}]}},"_links":{"self":[{"href":"https:\/\/mentedespierta.es\/en\/wp-json\/wp\/v2\/product\/633","targetHints":{"allow":["GET"]}}],"collection":[{"href":"https:\/\/mentedespierta.es\/en\/wp-json\/wp\/v2\/product"}],"about":[{"href":"https:\/\/mentedespierta.es\/en\/wp-json\/wp\/v2\/types\/product"}],"wp:featuredmedia":[{"embeddable":true,"href":"https:\/\/mentedespierta.es\/en\/wp-json\/wp\/v2\/media\/634"}],"wp:attachment":[{"href":"https:\/\/mentedespierta.es\/en\/wp-json\/wp\/v2\/media?parent=633"}],"wp:term":[{"taxonomy":"product_brand","embeddable":true,"href":"https:\/\/mentedespierta.es\/en\/wp-json\/wp\/v2\/product_brand?post=633"},{"taxonomy":"product_cat","embeddable":true,"href":"https:\/\/mentedespierta.es\/en\/wp-json\/wp\/v2\/product_cat?post=633"},{"taxonomy":"product_tag","embeddable":true,"href":"https:\/\/mentedespierta.es\/en\/wp-json\/wp\/v2\/product_tag?post=633"}],"curies":[{"name":"wp","href":"https:\/\/api.w.org\/{rel}","templated":true}]}}

Mi Mamá es intocable

<p>En el 2019 ha salido a la luz un <strong>sueño personal</strong>, que surge de lo hondo de mi interior y quiere relatar lo que sucede dentro de mí a diario. Soy una persona diagnosticada de la enfermedad de Fibromialgia y cómo esta enfermedad sigue siendo algo invisible, mi objetivo con este cuento es hacerla visible.</p>
<p>En este cuento se expone lo que sucede en el interior de las personas con <strong>fibromialgia</strong>, con los datos que nos han ido contando los diferentes ponentes a los que he escuchado, sensaciones mías y de mis compañeras, con un lenguaje muy cercano, puesto que lo relata un <strong>niño</strong> y lo hace desde su <strong>visión de inocenci</strong>a y con un <strong>toque de magia</strong>, un <strong>superpoder</strong>, para poder llegar a niños y adultos y de esta manera, hacer visible la enfermedad.</p>
<p>Es un <strong>proyecto personal</strong>, pero a la vez quiero aportar mi granito de arena a la asociación de mi provincia, a <strong>FIBROPA, la Asociación de Fibromialgia de Palencia</strong>, por su gran trabajo y labor, por su servicio y ayuda a las personas con esta enfermedad. Por ello, al adquirir el cuento se está donando un euro a dicha asociación.</p>
<p>Puede también <strong>adquirir el cuento:</strong></p>
<ul>
<li>En la <strong>Asociación de Fibromialgia de Palencia</strong>, en la Calle Los Robles, 9.</li>
<li>En el <strong>Centro de Día de Mayores de San Juanillo</strong>.</li>
<li>En el <strong>Gabinete Mente Despierta</strong>, Calle Estrada, 20 Entreplanta A, preferiblemente por las tardes.</li>
<li>O ponte en contacto conmigo a través del email <strong>mentedespierta.palencia@gmail.com</strong> o del teléfono <strong>618585707</strong>.</li>
</ul>
<div class="wp-block-buttons is-layout-flex"></div>

<p>En el 2019 ha salido a la luz un sueño personal, que surge de lo hondo de mi interior y quiere relatar lo que sucede dentro de mí a diario. Soy una persona diagnosticada de la enfermedad de Fibromialgia y cómo esta enfermedad sigue siendo algo invisible, mi objetivo con este cuento es hacerla visible. En [&hellip;]</p>

<!-- This site is optimized with the Yoast SEO plugin v27.5 - https://yoast.com/product/yoast-seo-wordpress/ -->
<title>Mi Mamá es intocable - Mente Despierta</title>
<meta name="robots" content="index, follow, max-snippet:-1, max-image-preview:large, max-video-preview:-1" />
<link rel="canonical" href="https://mentedespierta.es/en/product/mi-mama-es-intocable/" />
<meta property="og:locale" content="en_GB" />
<meta property="og:type" content="article" />
<meta property="og:title" content="Mi Mamá es intocable - Mente Despierta" />
<meta property="og:description" content="En el 2019 ha salido a la luz un sueño personal, que surge de lo hondo de mi interior y quiere relatar lo que sucede dentro de mí a diario. Soy una persona diagnosticada de la enfermedad de Fibromialgia y cómo esta enfermedad sigue siendo algo invisible, mi objetivo con este cuento es hacerla visible. En [&hellip;]" />
<meta property="og:url" content="https://mentedespierta.es/en/product/mi-mama-es-intocable/" />
<meta property="og:site_name" content="Mente Despierta" />
<meta property="article:modified_time" content="2024-09-19T09:10:30+00:00" />
<meta property="og:image" content="https://mentedespierta.es/wp-content/uploads/2024/08/cuento-sonia-296x300-1.jpg" />
	<meta property="og:image:width" content="296" />
	<meta property="og:image:height" content="300" />
	<meta property="og:image:type" content="image/jpeg" />
<meta name="twitter:card" content="summary_large_image" />
<meta name="twitter:label1" content="Estimated reading time" />
	<meta name="twitter:data1" content="1 minute" />
<script type="application/ld+json" class="yoast-schema-graph">{"@context":"https:\/\/schema.org","@graph":[{"@type":"WebPage","@id":"https:\/\/mentedespierta.es\/producto\/mi-mama-es-intocable\/","url":"https:\/\/mentedespierta.es\/producto\/mi-mama-es-intocable\/","name":"Mi Mamá es intocable - Mente Despierta","isPartOf":{"@id":"https:\/\/mentedespierta.es\/#website"},"primaryImageOfPage":{"@id":"https:\/\/mentedespierta.es\/producto\/mi-mama-es-intocable\/#primaryimage"},"image":{"@id":"https:\/\/mentedespierta.es\/producto\/mi-mama-es-intocable\/#primaryimage"},"thumbnailUrl":"https:\/\/mentedespierta.es\/wp-content\/uploads\/2024\/08\/cuento-sonia-296x300-1.jpg","datePublished":"2024-08-30T07:57:59+00:00","dateModified":"2024-09-19T09:10:30+00:00","breadcrumb":{"@id":"https:\/\/mentedespierta.es\/producto\/mi-mama-es-intocable\/#breadcrumb"},"inLanguage":"en-GB","potentialAction":[{"@type":"ReadAction","target":["https:\/\/mentedespierta.es\/producto\/mi-mama-es-intocable\/"]}]},{"@type":"ImageObject","inLanguage":"en-GB","@id":"https:\/\/mentedespierta.es\/producto\/mi-mama-es-intocable\/#primaryimage","url":"https:\/\/mentedespierta.es\/wp-content\/uploads\/2024\/08\/cuento-sonia-296x300-1.jpg","contentUrl":"https:\/\/mentedespierta.es\/wp-content\/uploads\/2024\/08\/cuento-sonia-296x300-1.jpg","width":296,"height":300},{"@type":"BreadcrumbList","@id":"https:\/\/mentedespierta.es\/producto\/mi-mama-es-intocable\/#breadcrumb","itemListElement":[{"@type":"ListItem","position":1,"name":"Portada","item":"https:\/\/mentedespierta.es\/"},{"@type":"ListItem","position":2,"name":"Tienda","item":"https:\/\/mentedespierta.es\/tienda\/"},{"@type":"ListItem","position":3,"name":"Mi Mamá es intocable"}]},{"@type":"WebSite","@id":"https:\/\/mentedespierta.es\/#website","url":"https:\/\/mentedespierta.es\/","name":"Mente Despierta","description":"Gabinete Psicopedagógico y Terapias Alternativas en Palencia","publisher":{"@id":"https:\/\/mentedespierta.es\/#organization"},"potentialAction":[{"@type":"SearchAction","target":{"@type":"EntryPoint","urlTemplate":"https:\/\/mentedespierta.es\/?s={search_term_string}"},"query-input":{"@type":"PropertyValueSpecification","valueRequired":true,"valueName":"search_term_string"}}],"inLanguage":"en-GB"},{"@type":"Organization","@id":"https:\/\/mentedespierta.es\/#organization","name":"Mente Despierta","url":"https:\/\/mentedespierta.es\/","logo":{"@type":"ImageObject","inLanguage":"en-GB","@id":"https:\/\/mentedespierta.es\/#\/schema\/logo\/image\/","url":"https:\/\/mentedespierta.es\/wp-content\/uploads\/2024\/08\/logo-final-1.png","contentUrl":"https:\/\/mentedespierta.es\/wp-content\/uploads\/2024\/08\/logo-final-1.png","width":1000,"height":1590,"caption":"Mente Despierta"},"image":{"@id":"https:\/\/mentedespierta.es\/#\/schema\/logo\/image\/"}}]}</script>
<!-- / Yoast SEO plugin. -->

Mi Mamá es intocable - Mente Despierta

En el 2019 ha salido a la luz un sueño personal, que surge de lo hondo de mi interior y quiere relatar lo que sucede dentro de mí a diario. Soy una persona diagnosticada de la enfermedad de Fibromialgia y cómo esta enfermedad sigue siendo algo invisible, mi objetivo con este cuento es hacerla visible. En [&hellip;]

Gabinete Psicopedagógico y Terapias Alternativas en Palencia
